100123022?
22100123031
In base 2, what is 1010011010011110011111111011 + -10?
1010011010011110011111111001
In base 3, what is 1102010 + -112211011120?
-112202202110
In base 11, what is 4 + 1974607?
1974610
In base 15, what is -1e41 - -58?
-1dd8
In base 8, what is -2016123 - -1?
-2016122
In base 4, what is 1033 - -131211223000?
131211230033
In base 11, what is 4 - -8258168?
8258171
In base 2, what is 10000001011001110100100111010 + -101?
10000001011001110100100110101
In base 8, what is -7 + 1466503?
1466474
In base 10, what is -179 + -483?
-662
In base 13, what is 6 + 129a251?
129a257
In base 15, what is -1e5d7 - -2cc?
-1e30a
In base 16, what is 0 - 489195?
-489195
In base 15, what is -12 + -4b995?
-4b9a7
In base 4, what is 200200212 - 1021?
200133131
In base 16, what is -7ee0f + 8d?
-7ed82
In base 6, what is -1043450 + -5414?
-1053304
In base 2, what is 101 + -101011011000010111100?
-101011011000010110111
In base 16, what is -10cb1 - -41f?
-10892
In base 13, what is 7b03 - -2?
7b05
In base 13, what is -a8c8 - 67b?
-b276
In base 5, what is -2441 - -34104211?
34101220
In base 8, what is -104 - 21416113?
-21416217
In base 10, what is -235324 + 42?
-235282
In base 3, what is 1011220000 - 20001210?
221211020
In base 2, what is 1010000110101110111001 - -1001?
1010000110101111000010
In base 15, what is -1 + c87c60?
c87c5e
In base 4, what is 1200031132 - -2120?
1200033312
In base 7, what is -135 + -452141?
-452306
In base 4, what is 1113 - -113101122012?
113101123131
In base 12, what is 7848 + 1766?
93b2
In base 7, what is -132346233 + 5?
-132346225
In base 15, what is 9d0cd1 + 1?
9d0cd2
In base 4, what is 23 - -22313022013?
22313022102
In base 3, what is 10112 + -11120?
-1001
In base 12, what is 129 - -316030?
316159
In base 7, what is 62030002 - 4?
62026665
In base 15, what is b5 - -e017?
e0cc
In base 13, what is -20a21 + -7b?
-20a9c
In base 13, what is 192 + -136152?
-135c90
In base 16, what is 2 - 38584c?
-38584a
In base 5, what is 22210 - 3342?
13313
In base 8, what is -163230130 - 4?
-163230134
In base 13, what is 28319 + bcc?
29218
In base 7, what is 1 - -13402613?
13402614
In base 11, what is -6557241 + -5?
-6557246
In base 13, what is 369924 - 8a?
369867
In base 14, what is 31 - -25a2baa?
25a2bdb
In base 14, what is -82597 + -b9?
-82672
In base 3, what is 101020212 + -10220?
101002222
In base 5, what is 3040230 + -111024?
2424201
In base 14, what is 94c08 + c2?
94cca
In base 5, what is 1143414021 - 0?
1143414021
In base 7, what is 4351653524 - 2?
4351653522
In base 14, what is -59594d6 + 2?
-59594d4
In base 11, what is 6 - 4288730?
-4288725
In base 8, what is -1525441 + 25?
-1525414
In base 11, what is 192 + 3a984?
40066
In base 2, what is 1000010110001000 - -111000011?
1000011101001011
In base 15, what is -2 + 1ddb8c1?
1ddb8be
In base 5, what is -12421 + -13222133?
-13240104
In base 10, what is -35 - 57435?
-57470
In base 16, what is 6573a + 17?
65751
In base 9, what is -1680750052 - -4?
-1680750047
In base 12, what is -4 - 90b385?
-90b389
In base 11, what is -2785 - -52?
-2733
In base 13, what is -1236 + 558a?
4354
In base 14, what is -ba - 67a1?
-687b
In base 10, what is 60 - 1181?
-1121
In base 12, what is 11514031 + -4?
11514029
In base 4, what is 20313210122 - 12?
20313210110
In base 3, what is -1020 - -1000101201012?
1000101122222
In base 2, what is -110110000011000000000010 - 1?
-110110000011000000000011
In base 5, what is 3 - -43001130243?
43001130301
In base 7, what is -1522300205 - -5?
-1522300200
In base 8, what is 13550025 + 1?
13550026
In base 3, what is 10 + 202021102021021?
202021102021101
In base 10, what is 56529 + 20465?
76994
In base 5, what is 1110441 + -214?
1110222
In base 15, what is -18 + ab2a66?
ab2a4d
In base 8, what is -1214 - 624470?
-625704
In base 5, what is -124 - 230434043?
-230434222
In base 8, what is -141113435 + -1?
-141113436
In base 3, what is -21200010022 - -11?
-21200010011
In base 9, what is -3518780 + -28?
-3518818
In base 3, what is -10020102202 + -1120220?
-10022000122
In base 11, what is -6 + -1a34646a?
-1a346475
In base 14, what is -a73 - 249b?
-3130
In base 2, what is -10001 + -1110000110110110001?
-1110000110111000010
In base 3, what is -10211111021 - -10012121?
-10201021200
In base 8, what is -57565 - -20664?
-36701
In base 13, what is -1971149 - -5?
-1971144
In base 5, what is -32103203 - -4330?
-32043323
In base 14, what is d40db9 - 1?
d40db8
In base 16, what is -3 - 622ea5c?
-622ea5f
In base 8, what is -235 + -315746?
-316203
In base 15, what is -333 + -58362?
-58695
In base 10, what is -123412969 + -3?
-123412972
In base 12, what is 5561457a + -9?
55614571
In base 9, what is -4 - -23776878?
23776874
In base 14, what is -623c1c - -88?
-623b74
In base 10, what is 3946 + -250?
3696
In base 12, what is 5 - 12918911?
-12918908
In base 11, what is 20176 - 4991?
16295
In base 7, what is -364542 - -116?
-364423
In base 8, what is -11042167 - -5?
-11042162
In base 8, what is -304 - 235172?
-235476
In base 12, what is -368 - -21a6b?
21703
In base 3, what is -2 + -1020100102?
-1020100111
In base 6, what is -10353 + -3500024?
-3510421
In base 13, what is 16a7 + 178?
1852
In base 5, what is 30004421 + 0?
30004421
In base 8, what is 544551601 - -5?
544551606
In base 11, what is 10593 - 3156?
8438
In base 3, what is 22112010122001 - -10?
22112010122011
In base 6, what is -2100 + 24420?
22320
In base 7, what is 0 - -114463521?
114463521
In base 3, what is 1 + -101212121110012?
-101212121110011
In base 14, what is 1613a4c1 + 4?
1613a4c5
In base 12, what is -71 + -9328?
-9399
In base 16, what is -d + -b075ce?
-b075db
In base 2, what is -11010111101101 + 1100?
-11010111100001
In base 9, what is -150031547 - 12?
-150031560
In base 9, what is -6 - 54254072?
-54254078
In base 3, what is 2002200 - 122212100?
-120202200
In base 7, what is -241 - 3343555?
-3344126
In base 16, what is -1b67fe + -166?
-1b6964
In base 7, what is -6244530215 - -3?
-6244530212
In base 7, what is -4100463 + 12?
-4100451
In base 14, what is 27d32ad + 1?
27d32b0
In base 13, what is -2274 + -12?
-2286
In base 10, what is 1124 + -30430?
-29306
In base 7, what is -442 + -60226452?
-60230224
In base 13, what is -40a9342 + -2?
-40a9344
In base 9, what is 33 + -18261721?
-18261677
In base 5, what is -10324130141 + -1?
-10324130142
In base 9, what is -12026652 + -15?
-12026667
In base 7, what is -1040066602 - 1?
-1040066603
In base 4, what is -1233322200121 + -3?
-1233322200130
In base 11, what is -72859280 + -5?
-72859285
In base 12, what is 2 + -a028465?
-a028463
In base 12, what is 27a5710 - 2?
27a570a
In base 6, what is -123 + -25443212?
-25443335
In base 5, what is 220000412244 + -1?
220000412243
In base 11, what is -134 - -5a8941?
5a8808
In base 12, what is -29227ba + 10?
-29227aa
In base 5, what is 101013012 + -204?
101012303
In base 10, what is 311 + 8418?
8729
In base 3, what is 1001010212211 + -111?
1001010212100
In base 14, what is 191 - 122a3?
-12112
In base 7, what is -105366 + 314554?
206155
In base 3, what is 120120222212 + -1022?
120120221120
In base 7, what is 4151640 + -10?
4151630
In base 16, what is 44d + -e9be?
-e571
In base 6, what is -22220432204 - -2?
-22220432202
In base 3, what is -10 - -102111001212110?
102111001212100
In base 14, what is -41 - 94d08?
-94d49
In base 15, what is -3734b - 6?
-37352
In base 12, what is 6 - 6b10ab?
-6b10a5
In base 12, what is 2 - -41965130?
41965132
In base 6, what is 53 - 3355053?
-3355000
In base 3, what is -10011220111 + -101122?
-10012022010
In base 11, what is 17707 - 2290?
15427
In base 10, what is 167496 + -13?
167483
In base 11, what is -10 - -59a296?
59a286
In base 11, what is 1617 - -60785?
622a1
In base 5, what is -1020 + 21414111?
21413041
In base 2, what is 10100011010101101 + -101001110?
10100010101011111
In base 9, what is -7824 - 22440?
-31364
In base 13, what is 8c23507 - -1?
8c23508
In base 9, what is 2 - 818725?
-818723
In base 6, what is -2004 + 301313?
255305
In base 8, what is 226 + 5250?
5476
In base 5, what is 413124331 - 403?
413123423
In base 5, what is 32 + 204434102?
204434134
In base 11, what is -643928 + -578?
-6443a5
In base 8, what is -445 + -37067?
-37534
In base 12, what is 2393 + bb3?
3386
In base 14, what is b6d74 - -2a0?
b7234
In base 2, what is 10